 + r + 7, -4*q + 3*r + 6 = 0. Let l be -8*-3*2/q. Suppose -3*p + 14 + l = 0. What is the remainder when 18 is divided by p?
8
Let n be 4/(((-6)/(-13))/3). Suppose 7*x - 80 - 60 = 0. What is the remainder when 9/2*n/3 is divided by x?
19
Suppose 16 = 17*r - 52. Suppose 3*g = -r*g + 105. Calculate the remainder when 101 is divided by g.
11
Let k = -12 - -21. Suppose p + 35 = -x + 4*x, p = x - k. Calculate the remainder when 3*((-224)/(-12) - -2) is divided by x.
10
Let b(o) = 2*o + 24. Calculate the remainder when 296 is divided by b(26).
68
Suppose -62 = -4*x + 2*x. Suppose -32*c + 13 = -x*c. Calculate the remainder when 24 is divided by c.
11
Suppose 5*b + 5*k = 105, 3*k + 42 = 2*b + 2*k. Suppose v = 4 + b. What is the remainder when v is divided by 7?
4
Suppose 3*i - 12 = i. Suppose -2*j - 226 = -3*p, i*p - j = 3*p + 224. What is the remainder when p is divided by 25?
24
Let t = -423 - -429. Calculate the remainder when 25 is divided by t.
1
Let c(q) = -2*q**2 + 2*q - 8. Let z be c(0). Let p be (-2)/(z/(16/4)). What is the remainder when (-1 + 0)*(-13)/p is divided by 5?
3
Let s = -1105 + 1196. What is the remainder when s is divided by 36?
19
Suppose 2*o + 0 = 2. Let i(w) = -o - 27*w + 12*w + 7*w. Calculate the remainder when i(-7) is divided by 19.
17
Suppose 4*o = -o - 3*i + 19, -3*o + 4*i = 6. Suppose 0 = -5*t + 4*n + 20, -8 = -2*t + o*n + 3*n. What is the remainder when t is divided by 2?
0
Suppose -15*j - 108*j + 1866 - 759 = 0. Suppose 0 = 2*t + 2*t - 140. Calculate the remainder when t is divided by j.
8
Let a = -825 + 1139. Calculate the remainder when a is divided by 5.
4
Let q(b) = -2*b**3 + 2*b**2 + 2*b + 1. Let d(u) = 11*u**2 - 47*u - 48. What is the remainder when q(-2) is divided by d(-1)?
1
Let x = -540 - -561. What is the remainder when 38 is divided by x?
17
Let n = -1 + 6. Calculate the remainder when 2*1*n/10 is divided by 1.
0
Let v(j) = 160*j - 457. Calculate the remainder when v(4) is divided by 43.
11
Let z = 103 - 34. Suppose b - z = -2*y - 2*b, 4*b + 18 = y. What is the remainder when y is divided by 16?
14
Calculate the remainder when (-10325)/(-150) + (-3)/(-18) is divided by 68.
1
Let m(h) be the first derivative of -h**3/3 - h**2 + 2*h - 3. Let c be m(1). Let q(i) = -8*i**3 + 2*i + 1. What is the remainder when q(c) is divided by 2?
1
Suppose 20*v + 27 - 247 = 0. Let d(u) = -3*u - u**2 + 7 + 2*u + 12*u. What is the remainder when d(v) is divided by 2?
1
Suppose -5*j - 225 = -8*j. What is the remainder when j is divided by 26?
23
Let a = 84 + -79. Let y = 27 + -17. Suppose 5*q + y = j - 18, j = 2*q + 16. Calculate the remainder when j is divided by a.
3
Let p be (-1 - 1)/(2/(-5)). Suppose p*w - 14 = 4*w. Let h = 4242 + -4201. What is the remainder when h is divided by w?
13
Suppose -46*d + 50*d = -o + 59, -4*d + 47 = -3*o. Calculate the remainder when 45 is divided by d.
3
Suppose 2*q + 31 = 3*j, 5*j + q + 2*q = 39. Suppose -j*r + 260 = -919. What is the remainder when r is divided by 19?
17
Let u be (-12)/24 + 9/2. Suppose -u*i - 500 = -4*l, 2*l - 622 = -3*l + 4*i. Calculate the remainder when l is divided by 31.
29
Let c = 268 - 265. Suppose -2*i = -i + 5*o - 49, -c*o = 3*i - 87. Calculate the remainder when i is divided by ((-7)/(-3))/((-1)/(-3)).
3
Let x = 17 + -57. Let c be (-12)/5*x/16. Calculate the remainder when (-3)/c - 119/(-2) is divided by 21.
17
Suppose 60 = -4*c + 3*m - 15, 0 = -2*c - 5*m - 31. Let y = 0 - c. Calculate the remainder when 52 is divided by y.
16
Let y(s) = -9*s + 148. Calculate the remainder when 265 is divided by y(9).
64
Let t = 164 - 114. What is the remainder when t is divided by 8?
2
Let t(p) = 14 - 663*p + 2*p**2 + 330*p + 330*p. What is the remainder when t(6) is divided by 23?
22
Calculate the remainder when 5/(8 - 58) - (-642)/20 is divided by 9.
5
Suppose -a + 5 = 0, -4*y - 4*a - 15 = -3*a. Let h(j) = -7 - 4*j + 2*j + 3. What is the remainder when 14 is divided by h(y)?
2
Let p(w) = -10*w**2 - 33*w - 4. Let t(m) = m**2 + m. Let b(l) = -2*p(l) - 18*t(l). What is the remainder when 21 is divided by b(-24)?
5
Let s(p) = -p**3 + 8*p**2 - 2*p. Let i be s(6). Suppose 0 = k - 2*k + i. What is the remainder when k is divided by 21?
18
Let m(p) = -4*p - 3. Suppose 2*c = 5*c - 42. What is the remainder when m(-14) is divided by c?
11
Suppose 4*p = -0*p + 2*w + 80, 4*p - 68 = 5*w. Calculate the remainder when 215 is divided by p.
17
Suppose -62 = -3*h + 28. Calculate the remainder when h is divided by (-16)/(-72) + 140/18.
6
Let x be 3/(2/(4/3)). Suppose x*h - 305 = -35. What is the remainder when h is divided by 34?
33
Let u = -210 - -359. Let t = u - 106. Let a = t - 17. What is the remainder when a is divided by 9?
8
Suppose -s = 4*s + 20, 2*s = 4*x - 84. What is the remainder when x is divided by (1 + 0)/((-7)/(-49))?
5
Let p = 533 + -526. What is the remainder when p is divided by 6?
1
Suppose -l - 18 = -2*l. Let s be (l/(-12))/((-3)/28). Let k = s + 0. Calculate the remainder when k is divided by 8.
6
Suppose 4*r - 17 = 83. What is the remainder when 92 is divided by r?
17
Suppose 14*o = -5*o + 247. Suppose -37 = o*z - 622. Calculate the remainder when z is divided by (-22)/((-1)/1) + 1.
22
Suppose 3*k = -3*l + 15, -k + 3 = 5*l - 14. Suppose 4*u = 3*f + 225, -3*u - 2*f = 2*u - 264. What is the remainder when u is divided by (16 + 5)*k/3?
12
Let i(f) = 7*f + 4. Suppose -4*d + 15 = -25. Calculate the remainder when i(5) is divided by (d/(-3))/((-6)/18).
9
Suppose -136 = -4*y + 180. Let r be 151 - (-2 + 2 + 3). Let j = r - y. What is the remainder when j is divided by 14?
13
Suppose 5*v + 4*z - 10 = -3, 3*v = -3*z + 3. Suppose v*p = 5*p. Suppose 15*o - 16*o + 11 = p. What is the remainder when 41 is divided by o?
8
Suppose -2 = 4*f - 14. Suppose -f*u - 2*u + 105 = 0. Calculate the remainder when 123 is divided by u.
18
What is the remainder when 111 is divided by ((-2)/(-6))/(7/1281) - 4?
54
Suppose -16*o = -83 - 189. Calculate the remainder when 143/3 + (-1)/(-3) is divided by o.
14
Let j = -1324 - -1630. What is the remainder when j is divided by 31?
27
Let u(o) = 5*o - 4. Let c(m) = 21 + 3*m**2 - 10 + 6*m**2 - 10*m**2 + 14*m. Calculate the remainder when u(5) is divided by c(14).
10
Let b = 104 + -72. Suppose 5*d - 2 = 2*z, -3*d - 6 = -2*z - 0*d. Suppose -5*y + z = -o - y, -y - 31 = -5*o. Calculate the remainder when b is divided by o.
4
Let i be 1 + (2 - 3) + 761 + 1. Calculate the remainder when 1/2 - (-4 - i/12) is divided by 7.
5
Let j = 857 + -630. Calculate the remainder when j is divided by 47.
39
Let m(s) = 3*s - 63. Let t be m(0). Let p = t + 101. Calculate the remainder when p is divided by 20.
18
Let p = 656 + -307. What is the remainder when p is divided by 13?
11
Let w = -1279 + 1285. Let b be ((-2)/3)/(1/(-3)). Let k = b + w. What is the remainder when k is divided by 5?
3
Let f = 96 - 93. Suppose -5*j + 2 = 3*k - 0, -21 = -4*k - 3*j. Suppose -4*a = -k*a + 5. Calculate the remainder when f is divided by a.
0
Let u = -7 + 12. Let r = 6 - u. What is the remainder when 7 is divided by -1 - (1 - 6/r)?
3
Let u(t) = -5*t**2 - 5*t + 3. Let g be u(1). Let l = -1 - g. Calculate the remainder when 16 is divided by l.
4
Suppose 2*f = 4*f - 228. Let y be (-22 + -13)/(1 - 2). Suppose 34*i = y*i - 29. What is the remainder when f is divided by i?
27
Let u = 112 + 55. Calculate the remainder when u is divided by 21.
20
Suppose -6*m = 35 - 83. Calculate the remainder when 221 is divided by m.
5
Let p = 46 + 3. Suppose -p = -3*o + 4*c - 0*c, 0 = 2*o - 5*c - 21. What is the remainder when o is divided by 12?
11
Let l be 105/9 - 2/3. Suppose 0 = -3*y + d + 2, y + 4*d - 7 = l. Suppose 4*m - 2*v = y*m + 28, 5*m - 69 = 4*v. Calculate the remainder when 37 is divided by m.
11
Let j(l) = -7*l + 6. Calculate the remainder when 22 is divided by j(0).
4
What is the remainder when 245 is divided by 279/(-18)*(-6 - (6 + -8))?
59
Suppose 0 = 7*u - 6*u - 5, 3*u - 55 = -h. Let y(f) = -f + 237. What is the remainder when y(0) is divided by h?
37
Suppose -2*j + 166 - 40 = 0. Calculate the remainder when 500 is divided by j.
59
Let p(i) = i**3 - 7*i**2 + i - 28. Let l be p(8). Suppose n + l = 5*n. Calculate the remainder when 33 is divided by n.
0
Suppose o - 15 = 4*y, 4*y + 5 = o + 2*o. Let g =